(base 12) in base 6?
35
18 (base 13) to base 16
15
What is -5 (base 7) in base 8?
-5
Convert 1 (base 5) to base 8.
1
-6 (base 7) to base 2
-110
-100110 (base 2) to base 8
-46
Convert 1010 (base 2) to base 12.
a
What is 1201 (base 3) in base 4?
232
Convert -276 (base 10) to base 5.
-2101
Convert -10 (base 6) to base 4.
-12
-5 (base 12) to base 6
-5
-11 (base 7) to base 9
-8
What is 43 (base 7) in base 11?
29
Convert 49 (base 12) to base 16.
39
What is -5 (base 9) in base 10?
-5
2 (base 12) to base 10
2
-100 (base 4) to base 3
-121
What is 1c (base 15) in base 10?
27
What is 73 (base 11) in base 4?
1100
What is 0 (base 5) in base 10?
0
Convert -1 (base 7) to base 9.
-1
Convert -102 (base 8) to base 15.
-46
-2123 (base 5) to base 11
-242
What is -12001 (base 3) in base 9?
-161
Convert -21 (base 4) to base 14.
-9
-4 (base 12) to base 4
-10
What is -9 (base 12) in base 16?
-9
0 (base 3) to base 14
0
101 (base 3) to base 13
a
31 (base 16) to base 14
37
48 (base 16) to base 9
80
What is 2b (base 15) in base 8?
51
-1 (base 3) to base 4
-1
Convert 8 (base 14) to base 16.
8
Convert -16 (base 7) to base 6.
-21
What is -13 (base 5) in base 12?
-8
Convert 6d (base 14) to base 7.
166
6 (base 14) to base 4
12
What is -1 (base 12) in base 16?
-1
21a (base 11) to base 3
100202
10 (base 13) to base 14
d
-4 (base 16) to base 8
-4
-108 (base 9) to base 15
-5e
What is 103 (base 7) in base 5?
202
Convert 436 (base 9) to base 7.
1020
What is 22 (base 14) in base 6?
50
Convert 25 (base 6) to base 9.
18
What is 24 (base 12) in base 15?
1d
Convert 110 (base 2) to base 3.
20
Convert -100 (base 2) to base 4.
-10
-23 (base 6) to base 12
-13
Convert -20 (base 4) to base 8.
-10
What is a (base 14) in base 2?
1010
What is -33 (base 4) in base 16?
-f
What is 1a (base 13) in base 6?
35
Convert 0 (base 12) to base 13.
0
Convert -10 (base 5) to base 3.
-12
What is -1 (base 13) in base 5?
-1
14 (base 12) to base 7
22
-d (base 16) to base 7
-16
-6 (base 7) to base 4
-12
What is -c (base 16) in base 6?
-20
What is 3 (base 12) in base 6?
3
Convert 22 (base 5) to base 16.
c
125 (base 9) to base 2
1101000
What is -1 (base 4) in base 11?
-1
What is 1222 (base 4) in base 9?
127
What is -43 (base 13) in base 6?
-131
Convert 176 (base 8) to base 2.
1111110
Convert 7 (base 8) to base 4.
13
Convert -60 (base 13) to base 11.
-71
-110 (base 3) to base 4
-30
What is -27 (base 11) in base 7?
-41
4 (base 11) to base 7
4
Convert -3 (base 15) to base 14.
-3
Convert 122 (base 4) to base 7.
35
What is 16 (base 16) in base 3?
211
What is -c (base 16) in base 9?
-13
Convert 120 (base 4) to base 16.
18
What is 1011111 (base 2) in base 9?
115
4 (base 5) to base 14
4
What is 24 (base 6) in base 15?
11
a (base 11) to base 8
12
Convert -10 (base 15) to base 9.
-16
-2 (base 3) to base 8
-2
What is 8 (base 14) in base 13?
8
What is 12 (base 6) in base 2?
1000
Convert -4 (base 13) to base 15.
-4
Convert 0 (base 12) to base 10.
0
What is 2 (base 16) in base 11?
2
Convert -2 (base 7) to base 2.
-10
Convert 3 (base 9) to base 2.
11
6 (base 7) to base 4
12
What is -33 (base 16) in base 2?
-110011
What is -2 (base 5) in base 14?
-2
What is -1 (base 5) in base 3?
-1
What is -5 (base 6) in base 2?
-101
0 (base 8) to base 15
0
8c (base 16) to base 4
2030
What is -1 (base 6) in base 2?
-1
What is 6b (base 16) in base 11?
98
51 (base 9) to base 13
37
Convert -1 (base 8) to base 10.
-1
What is 113 (base 10) in base 4?
1301
-545 (base 7) to base 6
-1142
Convert -1 (base 12) to base 14.
-1
422 (base 8) to base 7
541
Convert 0 (base 15) to base 11.
0
-11 (base 9) to base 12
-a
Convert -3 (base 5) to base 2.
-11
Convert 7 (base 14) to base 10.
7
1100 (base 2) to base 14
c
0 (base 13) to base 6
0
What is -4 (base 10) in base 4?
-10
-41 (base 5) to base 13
-18
What is 106 (base 8) in base 12?
5a
What is 10000 (base 2) in base 12?
14
Convert -6 (base 13) to base 4.
-12
What is 10 (base 3) in base 11?
3
Convert 2 (base 11) to base 14.
2
Convert 1 (base 11) to base 16.
1
-326 (base 9) to base 15
-12c
What is -210 (base 5) in base 15?
-3a
What is 31 (base 12) in base 13?
2b
What is 111111 (base 2) in base 9?
70
5 (base 13) to base 11
5
What is 6 (base 13) in base 6?
10
-254 (base 6) to base 8
-152
Convert 100 (base 4) to base 16.
10
What is -3 (base 11) in base 16?
-3
What is 1 (base 3) in base 12?
1
Convert 2 (base 16) to base 5.
2
What is a (base 15) in base 9?
11
What is -3d (base 14) in base 9?
-61
1101 (base 3) to base 13
2b
What is -20 (base 7) in base 13?
-11
Convert 12 (base 16) to base 3.
200
Convert 1 (base 5) to base 12.
1
0 (base 14) to base 6
0
What is 2 (base 3) in base 15?
2
4 (base 15) to base 7
4
What is 43 (base 10) in base 15?
2d
What is -28 (base 13) in base 4?
-202
What is 44 (base 5) in base 7?
33
What is -36 (base 11) in base 5?
-124
What is 1 (base 16) in base 12?
1
34 (base 13) to base 5
133
What is -1 (base 6) in base 2?
-1
Convert 15 (base 6) to base 8.
13
What is -36 (base 7) in base 2?
-11011
What is -1101 (base 2) in base 3?
-111
Convert -41 (base 8) to base 13.
-27
-330 (base 7) to base 5
-1133
Convert 3 (base 9) to base 6.
3
-121 (base 6) to base 9
-54
Convert -21 (base 8) to base 15.
-12
-141 (base 6) to base 15
-41
Convert 63 (base 9) to base 3.
2010
What is 5 (base 9) in base 11?
5
2 (base 13) to base 3
2
What is -31 (base 7) in base 15?
-17
Convert 2 (base 6) to base 16.
2
-62 (base 7) to base 11
-40
-d (base 14) to base 7
-16
11101000 (base 2) to base 6
1024
15 (base 16) to base 9
23
Convert 21 (base 3) to base 12.
7
Convert 8 (base 10) to base 2.
1000
-1 (base 8) to base 9
-1
Convert -6 (base 14) to base 8.
-6
-14 (base 10) to base 16
-e
Convert 10 (base 5) to base 4.
11
What is -65 (base 14) in base 11?
-81
-2 (base 4) to base 12
-2
Convert -10 (base 7) to base 11.
-7
-73 (base 12) to base 16
-57
-102 (base 4) to base 7
-24
Convert -112 (base 3) to base 10.
-14
-ab (base 12) to base 6
-335
Convert 0 (base 10) to base 6.
0
Convert 7 (base 16) to base 14.
7
Convert -10 (base 2) to base 4.
-2
What is 50 (base 16) in base 14?
5a
Convert -12 (base 5) to base 11.
-7
3 (base 11) to base 16
3
Convert 2 (base 11) to base 4.
2
Convert 4 (base 10) to base 4.
10
What is 2 (base 8) in base 10?
2
Convert 1 (base 5) to base 7.
1
Convert -97 (base 10) to base 3.
-10121
What is -22 (base 5) in base 10?
-12
Convert -2 (base 11) to base 5.
-2
What is 0 (base 7) in base 16?
0
161 (base 11) to base 3
20222
Convert 2 (base 16) to base 3.
2
2 (base 5) to base 15
2
Convert 2 (base 11) to base 8.
2
Convert 323 (base 5) to base 9.
107
Convert -ee (base 15) to base 5.
-1344
What is 10111 (base 2) in base 12?
1b
Convert -3 (base 12) to base 16.
-3
Convert -3 (base 10) to base 15.
-3
What is 17 (base 11) in base 8?
22
What is -15 (base 7) in base 14?
-c
2 (base 8) to base 13
2
Convert 77 (base 10) to base 4.
1031
Convert 157 (base 10) to base 11.
133
1 (base 13) to base 15
1
What is 80 (base 10) in base 3?
2222
-1234 (base 5) to base 14
-dc
62 (base 7) to base 9
48
What is -10 (base 2) in base 13?
-2
What is -89 (base 16) in base 15?
-92
What is -1 (base 11) in base 8?
-1
-10122 (base 3) to base 15
-68
111 (base 7) to base 16
39
-1000110 (base 2) to base 9
-77
-10013 (base 4) to base 9
-322
Convert 9 (base 14) to base 12.
9
10 (base 5) to base 13
5
-39 (base 14) to base 9
-56
What is -23 (base 9) in base 3?
-210
-94 (base 14) to base 7
-244
Convert 56 (base 13) to base 4.
1013
Convert -1 (base 7) to base 5.
-1
What is a (base 15) in base 2?
1010
What is -7 (base 12) in base 10?
-7
Convert 3 (base 10) to base 16.
3
What is 1 (base 14) in base 4?
1
What is -112 (base 3) in base 9?
-15
-13 (base 4) to base 10
-7
Convert -2 (base 12) to base 8.
-2
5 (base 6) to base 5
10
72 (base 11) to base 3
2221
Convert 22 (base 15) to base 9.
35
What is -174 (base 14) in base 10?
-298
What is 12a (base 12) in base 4?
2302
What is -4 (base 7) in base 12?
-4
Convert -1 (base 16) to base 2.
-1
-7 (base 14) to base 3
-21
What is -62 (base 11) in base 15?
-48
58 (base 10) to base 14
42
What is 312 (base 4) in base 11?
4a
What is 0 (base 4) in base 11?
0
What is 8 (base 14) in base 5?
13
31 (base 4) to base 7
16
What is -1 (base 9) in base 10?
-1
What is d (base 15) in base 4?
31
What is -3 (base 13) in base 5?
-3
-1 (base 13) to base 3
